{"id":4397,"date":"2025-11-13T15:25:16","date_gmt":"2025-11-13T14:25:16","guid":{"rendered":"https:\/\/www.hemmakvall.se\/forening\/?page_id=4397"},"modified":"2025-11-19T14:02:25","modified_gmt":"2025-11-19T13:02:25","slug":"kungsbacka-if","status":"publish","type":"page","link":"https:\/\/www.hemmakvall.se\/forening\/kungsbacka-if\/","title":{"rendered":"Kungsbacka IF"},"content":{"rendered":"\n<div class=\"row\"  id=\"row-1603474732\">\n\n\n\t<div id=\"col-2015042469\" class=\"col small-12 large-12\"  >\n\t\t\t\t<div class=\"col-inner\"  >\n\t\t\t\n\t\t\t\n\n<div class=\"row\"  id=\"row-163216426\">\n\n\n\t<div id=\"col-1340759364\" class=\"col medium-6 small-12 large-6\"  >\n\t\t\t\t<div class=\"col-inner\"  >\n\t\t\t\n\t\t\t\n\n\t<div id=\"text-2372630909\" class=\"text hide-for-medium\">\n\t\t\n\n<h2 style=\"text-align: center;\"><span style=\"font-size: 100%;\">Hej Kungsbacka IF!\u00a0<\/span><\/h2>\n\t\t\t<\/div>\n\t\n\t<div id=\"text-1059857161\" class=\"text show-for-medium hide-for-small\">\n\t\t\n\n<h3 style=\"text-align: center;\"><span style=\"font-size: 100%;\">Hej Kungsbacka IF!\u00a0<\/span><\/h3>\n\t\t\t<\/div>\n\t\n\t<div id=\"text-1425311251\" class=\"text show-for-small\">\n\t\t\n\n<h3 style=\"text-align: center;\"><span style=\"font-size: 100%;\">Hej Kungsbacka IF!\u00a0<\/span><\/h3>\n\t\t\t<\/div>\n\t\n<p style=\"text-align: center;\">Ni \u00e4r fyra goda steg fr\u00e5n att fylla p\u00e5 lagkassan! Dessutom f\u00e5r ni <strong>750kr* extra till lagkassan<\/strong> om ni s\u00e4ljer godismixar med oss innan 31\/5 2026. S\u00e4lj via v\u00e5r digitala s\u00e4ljportal, papper och penna eller b\u00e5de och &#8211; det v\u00e4ljer ni sj\u00e4lva!<\/p>\n<p style=\"text-align: center;\">Nedan kan ni l\u00e4sa mer om hur ni kommer ig\u00e5ng. Ni kan \u00e4ven l\u00e4sa vanliga fr\u00e5gor och svar <strong><a href=\"https:\/\/www.hemmakvall.se\/forening\/vanliga-fragor\/\">h\u00e4r!<\/a><br \/><\/strong>Har ni ytterligare fr\u00e5gor kan ni kontakta oss <strong><a href=\"https:\/\/www.hemmakvall.se\/forening\/kontakt\/\">h\u00e4r!<\/a><br \/><\/strong><\/p>\n\n\t\t<\/div>\n\t\t\t\t\t<\/div>\n\n\t\n\n\t<div id=\"col-1458913037\" class=\"col medium-6 small-12 large-6\"  >\n\t\t\t\t<div class=\"col-inner\"  >\n\t\t\t\n\t\t\t\n\n\t<div class=\"img has-hover hide-for-medium x md-x lg-x y md-y lg-y\" id=\"image_2108046708\">\n\t\t\t\t\t\t\t\t<div class=\"img-inner dark\" >\n\t\t\t<img loading=\"lazy\" decoding=\"async\" width=\"1020\" height=\"680\" src=\"https:\/\/www.hemmakvall.se\/forening\/wp-content\/uploads\/sites\/3\/2025\/06\/9-1024x683.png\" class=\"attachment-large size-large\" alt=\"\" srcset=\"https:\/\/www.hemmakvall.se\/forening\/wp-content\/uploads\/sites\/3\/2025\/06\/9-1024x683.png 1024w, https:\/\/www.hemmakvall.se\/forening\/wp-content\/uploads\/sites\/3\/2025\/06\/9-300x200.png 300w, https:\/\/www.hemmakvall.se\/forening\/wp-content\/uploads\/sites\/3\/2025\/06\/9-768x512.png 768w, https:\/\/www.hemmakvall.se\/forening\/wp-content\/uploads\/sites\/3\/2025\/06\/9-600x400.png 600w, https:\/\/www.hemmakvall.se\/forening\/wp-content\/uploads\/sites\/3\/2025\/06\/9.png 1200w\" sizes=\"auto, (max-width: 1020px) 100vw, 1020px\" \/>\t\t\t\t\t\t\n\t\t\t\t\t<\/div>\n\t\t\t\t\t\t\t\t\n<style>\n#image_2108046708 {\n  width: 100%;\n}\n<\/style>\n\t<\/div>\n\t\n\n\t<div class=\"img has-hover show-for-medium hide-for-small x md-x lg-x y md-y lg-y\" id=\"image_115034336\">\n\t\t\t\t\t\t\t\t<div class=\"img-inner dark\" >\n\t\t\t<img loading=\"lazy\" decoding=\"async\" width=\"1020\" height=\"680\" src=\"https:\/\/www.hemmakvall.se\/forening\/wp-content\/uploads\/sites\/3\/2025\/06\/9-1024x683.png\" class=\"attachment-large size-large\" alt=\"\" srcset=\"https:\/\/www.hemmakvall.se\/forening\/wp-content\/uploads\/sites\/3\/2025\/06\/9-1024x683.png 1024w, https:\/\/www.hemmakvall.se\/forening\/wp-content\/uploads\/sites\/3\/2025\/06\/9-300x200.png 300w, https:\/\/www.hemmakvall.se\/forening\/wp-content\/uploads\/sites\/3\/2025\/06\/9-768x512.png 768w, https:\/\/www.hemmakvall.se\/forening\/wp-content\/uploads\/sites\/3\/2025\/06\/9-600x400.png 600w, https:\/\/www.hemmakvall.se\/forening\/wp-content\/uploads\/sites\/3\/2025\/06\/9.png 1200w\" sizes=\"auto, (max-width: 1020px) 100vw, 1020px\" \/>\t\t\t\t\t\t\n\t\t\t\t\t<\/div>\n\t\t\t\t\t\t\t\t\n<style>\n#image_115034336 {\n  width: 100%;\n}\n<\/style>\n\t<\/div>\n\t\n\n\n\t\t<\/div>\n\t\t\t\t\t<\/div>\n\n\t\n\n<\/div>\n<div class=\"row\"  id=\"row-808351048\">\n\n\n\t<div id=\"col-1244008043\" class=\"col medium-4 small-12 large-4\"  >\n\t\t\t\t<div class=\"col-inner\"  >\n\t\t\t\n\t\t\t\n\n\t<div class=\"img has-hover show-for-small x md-x lg-x y md-y lg-y\" id=\"image_2135887591\">\n\t\t\t\t\t\t\t\t<div class=\"img-inner dark\" >\n\t\t\t<img loading=\"lazy\" decoding=\"async\" width=\"1020\" height=\"680\" src=\"https:\/\/www.hemmakvall.se\/forening\/wp-content\/uploads\/sites\/3\/2025\/06\/9-1024x683.png\" class=\"attachment-large size-large\" alt=\"\" srcset=\"https:\/\/www.hemmakvall.se\/forening\/wp-content\/uploads\/sites\/3\/2025\/06\/9-1024x683.png 1024w, https:\/\/www.hemmakvall.se\/forening\/wp-content\/uploads\/sites\/3\/2025\/06\/9-300x200.png 300w, https:\/\/www.hemmakvall.se\/forening\/wp-content\/uploads\/sites\/3\/2025\/06\/9-768x512.png 768w, https:\/\/www.hemmakvall.se\/forening\/wp-content\/uploads\/sites\/3\/2025\/06\/9-600x400.png 600w, https:\/\/www.hemmakvall.se\/forening\/wp-content\/uploads\/sites\/3\/2025\/06\/9.png 1200w\" sizes=\"auto, (max-width: 1020px) 100vw, 1020px\" \/>\t\t\t\t\t\t\n\t\t\t\t\t<\/div>\n\t\t\t\t\t\t\t\t\n<style>\n#image_2135887591 {\n  width: 100%;\n}\n<\/style>\n\t<\/div>\n\t\n\n\n\t\t<\/div>\n\t\t\t\t\t<\/div>\n\n\t\n\n<\/div>\n\n\t\t<\/div>\n\t\t\t\t\t<\/div>\n\n\t\n\n<\/div>\n<div class=\"row\"  id=\"row-1450692952\">\n\n\n\t<div id=\"col-747320395\" class=\"col medium-6 small-12 large-6\"  >\n\t\t\t\t<div class=\"col-inner\"  >\n\t\t\t\n\t\t\t\n\n<h3>S\u00e4lj digitalt:<\/h3>\n<h4>1. Ans\u00f6k<\/h4>\n<p><br \/>Skicka in er ans\u00f6kan till oss via knappen nedan.<\/p>\n<h4>2. Skapa ert team<\/h4>\n<p>Teamet skapas genom att s\u00e4ljarna registrerar sig via ert teams unika l\u00e4nk.\u00a0<\/p>\n<h4>3. S\u00e4lj<\/h4>\n<p>Alla s\u00e4ljare f\u00e5r en unik s\u00e4ljl\u00e4nk att dela vidare till familj, grannar och kompisar, f\u00f6r att enkelt ta emot best\u00e4llningar. <strong>Ni tj\u00e4nar 35-100kr\/s\u00e5ld godismix.<\/strong><\/p>\n<h4>4. Avsluta\/Best\u00e4ll<\/h4>\n<p>Hela teamets best\u00e4llningar sammanst\u00e4lls enkelt f\u00f6r en gemensam order.\u00a0<br \/>Ange er kod i kassan f\u00f6r att f\u00e5 750kr extra till lagkassan. Koden hittar ni p\u00e5 er tilldelade flyer eller information p\u00e5 er lagsida.<\/p>\n<a href=\"https:\/\/www.hemmakvall.se\/forening\/digital-forsaljning\/\" class=\"button primary\" >\n\t\t<span>Ans\u00f6k h\u00e4r!<\/span>\n\t<\/a>\n\n\n<a href=\"https:\/\/www.hemmakvall.se\/forening\/digital-forsaljning\/\" class=\"button primary\" >\n\t\t<span>L\u00e4s mer<\/span>\n\t<\/a>\n\n\n\n\t\t<\/div>\n\t\t\t\t\t<\/div>\n\n\t\n\n\t<div id=\"col-1216340652\" class=\"col medium-6 small-12 large-6\"  >\n\t\t\t\t<div class=\"col-inner\"  >\n\t\t\t\n\t\t\t\n\n<h3>S\u00e4lj med papper och penna:<\/h3>\n<h4>1. Utse en kontaktperson<\/h4>\n<p>Denna person ser till att er gemensamma best\u00e4llning l\u00e4ggs n\u00e4r ni s\u00e5lt f\u00e4rdigt.<\/p>\n<h4>2. Ladda ner s\u00e4ljmaterial.<\/h4>\n<p>B\u00f6rja s\u00e4lja direkt med s\u00e4ljblad och best\u00e4llningslista. Ingen f\u00f6ranm\u00e4lan kr\u00e4vs.<\/p>\n<h4>3. S\u00e4lj<\/h4>\n<p>S\u00e4lj godismixar till familj, grannar och kompisar. <strong>Ni tj\u00e4nar 35-100kr\/s\u00e5ld godismix.<\/strong><\/p>\n<h4>4. Avsluta\/Best\u00e4ll<\/h4>\n<p>Hela teamets best\u00e4llningar sammanst\u00e4lls av kontaktpersonen och skickas in via v\u00e5r hemsida.\u00a0Ange er kod i kassan f\u00f6r att f\u00e5 750kr extra till lagkassan. Koden hittar ni p\u00e5 er tilldelade flyer eller information p\u00e5 er lagsida.<\/p>\n<a href=\"https:\/\/www.hemmakvall.se\/forening\/saljmaterial\/\" class=\"button primary\" >\n\t\t<span>S\u00e4ljmaterial<\/span>\n\t<\/a>\n\n\n<a href=\"https:\/\/www.hemmakvall.se\/forening\/\" class=\"button primary\" >\n\t\t<span>L\u00e4s mer<\/span>\n\t<\/a>\n\n\n\n\t\t<\/div>\n\t\t\t\t\t<\/div>\n\n\t\n\n<\/div>\n<p><em>F\u00f6r anv\u00e4ndning av er unika kod beh\u00f6ver totala best\u00e4llningsv\u00e4rdet vara \u00f6ver 10 000kr. Skicka in er gemensamma best\u00e4llning senast 31-05-2026 f\u00f6r att ta del av erbjudandet. 750kr kommer automatiskt att dras av fr\u00e5n best\u00e4llningsv\u00e4rdet vid anv\u00e4ndning av kod i kassan<\/em>.<\/p>\n\n","protected":false},"excerpt":{"rendered":"","protected":false},"author":17,"featured_media":0,"parent":0,"menu_order":0,"comment_status":"closed","ping_status":"closed","template":"","meta":{"_acf_changed":false,"footnotes":""},"class_list":["post-4397","page","type-page","status-publish","hentry"],"acf":[],"yoast_head":"<!-- This site is optimized with the Yoast SEO plugin v27.4 - https:\/\/yoast.com\/product\/yoast-seo-wordpress\/ -->\n<title>Kungsbacka IF - Hemmakv\u00e4ll - F\u00f6rening<\/title>\n<meta name=\"robots\" content=\"index, follow, max-snippet:-1, max-image-preview:large, max-video-preview:-1\" \/>\n<link rel=\"canonical\" href=\"https:\/\/www.hemmakvall.se\/forening\/kungsbacka-if\/\" \/>\n<meta property=\"og:locale\" content=\"sv_SE\" \/>\n<meta property=\"og:type\" content=\"article\" \/>\n<meta property=\"og:title\" content=\"Kungsbacka IF - Hemmakv\u00e4ll - F\u00f6rening\" \/>\n<meta property=\"og:url\" content=\"https:\/\/www.hemmakvall.se\/forening\/kungsbacka-if\/\" \/>\n<meta property=\"og:site_name\" content=\"Hemmakv\u00e4ll - F\u00f6rening\" \/>\n<meta property=\"article:modified_time\" content=\"2025-11-19T13:02:25+00:00\" \/>\n<meta property=\"og:image\" content=\"https:\/\/www.hemmakvall.se\/forening\/wp-content\/uploads\/sites\/3\/2023\/12\/sektion_21_square.jpg\" \/>\n\t<meta property=\"og:image:width\" content=\"1200\" \/>\n\t<meta property=\"og:image:height\" content=\"1200\" \/>\n\t<meta property=\"og:image:type\" content=\"image\/jpeg\" \/>\n<meta name=\"twitter:card\" content=\"summary_large_image\" \/>\n<script type=\"application\/ld+json\" class=\"yoast-schema-graph\">{\"@context\":\"https:\\\/\\\/schema.org\",\"@graph\":[{\"@type\":\"WebPage\",\"@id\":\"https:\\\/\\\/www.hemmakvall.se\\\/forening\\\/kungsbacka-if\\\/\",\"url\":\"https:\\\/\\\/www.hemmakvall.se\\\/forening\\\/kungsbacka-if\\\/\",\"name\":\"Kungsbacka IF - Hemmakv\u00e4ll - F\u00f6rening\",\"isPartOf\":{\"@id\":\"https:\\\/\\\/www.hemmakvall.se\\\/forening\\\/#website\"},\"datePublished\":\"2025-11-13T14:25:16+00:00\",\"dateModified\":\"2025-11-19T13:02:25+00:00\",\"breadcrumb\":{\"@id\":\"https:\\\/\\\/www.hemmakvall.se\\\/forening\\\/kungsbacka-if\\\/#breadcrumb\"},\"inLanguage\":\"sv-SE\",\"potentialAction\":[{\"@type\":\"ReadAction\",\"target\":[\"https:\\\/\\\/www.hemmakvall.se\\\/forening\\\/kungsbacka-if\\\/\"]}]},{\"@type\":\"BreadcrumbList\",\"@id\":\"https:\\\/\\\/www.hemmakvall.se\\\/forening\\\/kungsbacka-if\\\/#breadcrumb\",\"itemListElement\":[{\"@type\":\"ListItem\",\"position\":1,\"name\":\"Hem\",\"item\":\"https:\\\/\\\/www.hemmakvall.se\\\/forening\\\/\"},{\"@type\":\"ListItem\",\"position\":2,\"name\":\"Kungsbacka IF\"}]},{\"@type\":\"WebSite\",\"@id\":\"https:\\\/\\\/www.hemmakvall.se\\\/forening\\\/#website\",\"url\":\"https:\\\/\\\/www.hemmakvall.se\\\/forening\\\/\",\"name\":\"Hemmakv\u00e4ll - F\u00f6rening\",\"description\":\"\",\"publisher\":{\"@id\":\"https:\\\/\\\/www.hemmakvall.se\\\/forening\\\/#organization\"},\"potentialAction\":[{\"@type\":\"SearchAction\",\"target\":{\"@type\":\"EntryPoint\",\"urlTemplate\":\"https:\\\/\\\/www.hemmakvall.se\\\/forening\\\/?s={search_term_string}\"},\"query-input\":{\"@type\":\"PropertyValueSpecification\",\"valueRequired\":true,\"valueName\":\"search_term_string\"}}],\"inLanguage\":\"sv-SE\"},{\"@type\":\"Organization\",\"@id\":\"https:\\\/\\\/www.hemmakvall.se\\\/forening\\\/#organization\",\"name\":\"Hemmakv\u00e4ll - F\u00f6rening\",\"url\":\"https:\\\/\\\/www.hemmakvall.se\\\/forening\\\/\",\"logo\":{\"@type\":\"ImageObject\",\"inLanguage\":\"sv-SE\",\"@id\":\"https:\\\/\\\/www.hemmakvall.se\\\/forening\\\/#\\\/schema\\\/logo\\\/image\\\/\",\"url\":\"https:\\\/\\\/www.hemmakvall.se\\\/forening\\\/wp-content\\\/uploads\\\/sites\\\/3\\\/2023\\\/12\\\/hemmakvall-logo-1200bl.png\",\"contentUrl\":\"https:\\\/\\\/www.hemmakvall.se\\\/forening\\\/wp-content\\\/uploads\\\/sites\\\/3\\\/2023\\\/12\\\/hemmakvall-logo-1200bl.png\",\"width\":1201,\"height\":261,\"caption\":\"Hemmakv\u00e4ll - F\u00f6rening\"},\"image\":{\"@id\":\"https:\\\/\\\/www.hemmakvall.se\\\/forening\\\/#\\\/schema\\\/logo\\\/image\\\/\"}}]}<\/script>\n<!-- \/ Yoast SEO plugin. -->","yoast_head_json":{"title":"Kungsbacka IF - Hemmakv\u00e4ll - F\u00f6rening","robots":{"index":"index","follow":"follow","max-snippet":"max-snippet:-1","max-image-preview":"max-image-preview:large","max-video-preview":"max-video-preview:-1"},"canonical":"https:\/\/www.hemmakvall.se\/forening\/kungsbacka-if\/","og_locale":"sv_SE","og_type":"article","og_title":"Kungsbacka IF - Hemmakv\u00e4ll - F\u00f6rening","og_url":"https:\/\/www.hemmakvall.se\/forening\/kungsbacka-if\/","og_site_name":"Hemmakv\u00e4ll - F\u00f6rening","article_modified_time":"2025-11-19T13:02:25+00:00","og_image":[{"width":1200,"height":1200,"url":"https:\/\/www.hemmakvall.se\/forening\/wp-content\/uploads\/sites\/3\/2023\/12\/sektion_21_square.jpg","type":"image\/jpeg"}],"twitter_card":"summary_large_image","schema":{"@context":"https:\/\/schema.org","@graph":[{"@type":"WebPage","@id":"https:\/\/www.hemmakvall.se\/forening\/kungsbacka-if\/","url":"https:\/\/www.hemmakvall.se\/forening\/kungsbacka-if\/","name":"Kungsbacka IF - Hemmakv\u00e4ll - F\u00f6rening","isPartOf":{"@id":"https:\/\/www.hemmakvall.se\/forening\/#website"},"datePublished":"2025-11-13T14:25:16+00:00","dateModified":"2025-11-19T13:02:25+00:00","breadcrumb":{"@id":"https:\/\/www.hemmakvall.se\/forening\/kungsbacka-if\/#breadcrumb"},"inLanguage":"sv-SE","potentialAction":[{"@type":"ReadAction","target":["https:\/\/www.hemmakvall.se\/forening\/kungsbacka-if\/"]}]},{"@type":"BreadcrumbList","@id":"https:\/\/www.hemmakvall.se\/forening\/kungsbacka-if\/#breadcrumb","itemListElement":[{"@type":"ListItem","position":1,"name":"Hem","item":"https:\/\/www.hemmakvall.se\/forening\/"},{"@type":"ListItem","position":2,"name":"Kungsbacka IF"}]},{"@type":"WebSite","@id":"https:\/\/www.hemmakvall.se\/forening\/#website","url":"https:\/\/www.hemmakvall.se\/forening\/","name":"Hemmakv\u00e4ll - F\u00f6rening","description":"","publisher":{"@id":"https:\/\/www.hemmakvall.se\/forening\/#organization"},"potentialAction":[{"@type":"SearchAction","target":{"@type":"EntryPoint","urlTemplate":"https:\/\/www.hemmakvall.se\/forening\/?s={search_term_string}"},"query-input":{"@type":"PropertyValueSpecification","valueRequired":true,"valueName":"search_term_string"}}],"inLanguage":"sv-SE"},{"@type":"Organization","@id":"https:\/\/www.hemmakvall.se\/forening\/#organization","name":"Hemmakv\u00e4ll - F\u00f6rening","url":"https:\/\/www.hemmakvall.se\/forening\/","logo":{"@type":"ImageObject","inLanguage":"sv-SE","@id":"https:\/\/www.hemmakvall.se\/forening\/#\/schema\/logo\/image\/","url":"https:\/\/www.hemmakvall.se\/forening\/wp-content\/uploads\/sites\/3\/2023\/12\/hemmakvall-logo-1200bl.png","contentUrl":"https:\/\/www.hemmakvall.se\/forening\/wp-content\/uploads\/sites\/3\/2023\/12\/hemmakvall-logo-1200bl.png","width":1201,"height":261,"caption":"Hemmakv\u00e4ll - F\u00f6rening"},"image":{"@id":"https:\/\/www.hemmakvall.se\/forening\/#\/schema\/logo\/image\/"}}]}},"_links":{"self":[{"href":"https:\/\/www.hemmakvall.se\/forening\/wp-json\/wp\/v2\/pages\/4397","targetHints":{"allow":["GET"]}}],"collection":[{"href":"https:\/\/www.hemmakvall.se\/forening\/wp-json\/wp\/v2\/pages"}],"about":[{"href":"https:\/\/www.hemmakvall.se\/forening\/wp-json\/wp\/v2\/types\/page"}],"author":[{"embeddable":true,"href":"https:\/\/www.hemmakvall.se\/forening\/wp-json\/wp\/v2\/users\/17"}],"replies":[{"embeddable":true,"href":"https:\/\/www.hemmakvall.se\/forening\/wp-json\/wp\/v2\/comments?post=4397"}],"version-history":[{"count":8,"href":"https:\/\/www.hemmakvall.se\/forening\/wp-json\/wp\/v2\/pages\/4397\/revisions"}],"predecessor-version":[{"id":4416,"href":"https:\/\/www.hemmakvall.se\/forening\/wp-json\/wp\/v2\/pages\/4397\/revisions\/4416"}],"wp:attachment":[{"href":"https:\/\/www.hemmakvall.se\/forening\/wp-json\/wp\/v2\/media?parent=4397"}],"curies":[{"name":"wp","href":"https:\/\/api.w.org\/{rel}","templated":true}]}}